{"id":415,"date":"2025-05-08T12:32:28","date_gmt":"2025-05-08T12:32:28","guid":{"rendered":"https:\/\/cecilialivmarlundqvist.se\/?page_id=415"},"modified":"2026-02-23T08:15:27","modified_gmt":"2026-02-23T08:15:27","slug":"bildkonst","status":"publish","type":"page","link":"https:\/\/cecilialivmarlundqvist.se\/?page_id=415","title":{"rendered":"Bildkonst"},"content":{"rendered":"\n<p>Jag arbetar \u00e4ven konstn\u00e4rligt och har min atelj\u00e9 \u00f6ster om Uppsala.<br>Se ett urval av mina m\u00e5lningar p\u00e5 <a href=\"http:\/\/konst.se\/cecilialivmarlundqvist\">Konst.se Cecilia Livmar Lundqvist<\/a><\/p>\n\n\n\n<figure class=\"wp-block-image size-large is-resized\"><img loading=\"lazy\" decoding=\"async\" width=\"845\" height=\"1024\" src=\"https:\/\/cecilialivmarlundqvist.se\/wp-content\/uploads\/2026\/02\/Crane-in-me-2017-845x1024.jpg\" alt=\"\" class=\"wp-image-441\" style=\"aspect-ratio:0.8248814693201172;width:210px;height:auto\" srcset=\"https:\/\/cecilialivmarlundqvist.se\/wp-content\/uploads\/2026\/02\/Crane-in-me-2017-845x1024.jpg 845w, https:\/\/cecilialivmarlundqvist.se\/wp-content\/uploads\/2026\/02\/Crane-in-me-2017-247x300.jpg 247w, https:\/\/cecilialivmarlundqvist.se\/wp-content\/uploads\/2026\/02\/Crane-in-me-2017-768x931.jpg 768w, https:\/\/cecilialivmarlundqvist.se\/wp-content\/uploads\/2026\/02\/Crane-in-me-2017-1267x1536.jpg 1267w, https:\/\/cecilialivmarlundqvist.se\/wp-content\/uploads\/2026\/02\/Crane-in-me-2017-1689x2048.jpg 1689w\" sizes=\"auto, 100vw\" \/><\/figure>\n\n\n\n<p><strong>Utst\u00e4llningar<\/strong><br>2025 Zinken Art, Stockholm<br>2019 Upsala Galleri, Uppsala<br>2017 Wenngarn Slott, E. Persson Galleri, Sigtuna<br>2017 Kapellet, L\u00e4nna, Kul Tur 282<br>2016 Uppsala Handkraft, Uppsala, F\u00e5gelf\u00e4nga<br>2015 SO Sthlm, Stockholm, Bird Batch<br>2014 Upsala Galleri, Uppsala, V\u00e5rutst\u00e4llning<\/p>\n\n\n\n<p><\/p>\n","protected":false},"excerpt":{"rendered":"<p>Jag arbetar \u00e4ven konstn\u00e4rligt och har min atelj\u00e9 \u00f6ster om Uppsala.Se ett urval av mina m\u00e5lningar p\u00e5 Konst.se Cecilia Livmar Lundqvist Utst\u00e4llningar2025 Zinken Art, Stockholm2019 Upsala Galleri, Uppsala2017 Wenngarn Slott, E. Persson Galleri, Sigtuna2017 Kapellet, L\u00e4nna, Kul Tur 2822016 Uppsala Handkraft, Uppsala, F\u00e5gelf\u00e4nga2015 SO Sthlm, Stockholm, Bird Batch2014 Upsala Galleri, Uppsala, V\u00e5rutst\u00e4llning<\/p>\n","protected":false},"author":1,"featured_media":0,"parent":0,"menu_order":0,"comment_status":"closed","ping_status":"closed","template":"","meta":{"footnotes":""},"class_list":["post-415","page","type-page","status-publish","hentry"],"_links":{"self":[{"href":"https:\/\/cecilialivmarlundqvist.se\/index.php?rest_route=\/wp\/v2\/pages\/415","targetHints":{"allow":["GET"]}}],"collection":[{"href":"https:\/\/cecilialivmarlundqvist.se\/index.php?rest_route=\/wp\/v2\/pages"}],"about":[{"href":"https:\/\/cecilialivmarlundqvist.se\/index.php?rest_route=\/wp\/v2\/types\/page"}],"author":[{"embeddable":true,"href":"https:\/\/cecilialivmarlundqvist.se\/index.php?rest_route=\/wp\/v2\/users\/1"}],"replies":[{"embeddable":true,"href":"https:\/\/cecilialivmarlundqvist.se\/index.php?rest_route=%2Fwp%2Fv2%2Fcomments&post=415"}],"version-history":[{"count":5,"href":"https:\/\/cecilialivmarlundqvist.se\/index.php?rest_route=\/wp\/v2\/pages\/415\/revisions"}],"predecessor-version":[{"id":442,"href":"https:\/\/cecilialivmarlundqvist.se\/index.php?rest_route=\/wp\/v2\/pages\/415\/revisions\/442"}],"wp:attachment":[{"href":"https:\/\/cecilialivmarlundqvist.se\/index.php?rest_route=%2Fwp%2Fv2%2Fmedia&parent=415"}],"curies":[{"name":"wp","href":"https:\/\/api.w.org\/{rel}","templated":true}]}}